2. Give o(227).
14
Let n(l) = -3866*l - 12499. Give n(-3).
-901
Let l(d) = 1747*d - 18. Calculate l(1).
1729
Let s(t) = -882*t + 8908. Determine s(13).
-2558
Let l(b) = 2*b**3 + 45*b**2 - 497*b - 53. What is l(0)?
-53
Let c(i) = 9*i**2 - 666*i - 606. Give c(75).
69
Let j(t) = t**3 + 412*t**2 + 15208*t - 194. Give j(-41).
-71
Let x(b) = -31*b**2 + 1474*b - 6068. Give x(43).
-5
Let z(b) = 328*b + 39041. Give z(-119).
9
Let s(q) = 29*q - 6. Calculate s(-53).
-1543
Let y(b) = b**3 - 49*b**2 + 118*b - 421. Calculate y(47).
707
Let m(h) = 821*h**2 + 230701*h - 94. Calculate m(-281).
-94
Let v(p) = 3257*p - 71693. Calculate v(22).
-39
Let f(l) = 4706*l + 22388. Calculate f(-5).
-1142
Let a(u) = 61*u**2 - 5413*u + 74404. Calculate a(17).
12
Let c(x) = x**3 - 101*x**2 + 96*x + 387. Determine c(100).
-13
Let u(a) = -a**2 - 601. What is u(-15)?
-826
Let o(v) = -5*v**3 - 42*v**2 + 232*v + 176. Calculate o(-12).
-16
Let i(a) = -17*a**2 + 213*a - 660. What is i(7)?
-2
Let r(n) = 5*n**2 + 8973*n + 89566. Give r(-10).
336
Let y(o) = -2495*o - 509031. Calculate y(-204).
-51
Let f(r) = -16*r**2 + 2838*r - 1109. Calculate f(177).
-47
Let f(a) = 2*a**2 + 163*a - 5693. What is f(27)?
166
Let i(v) = -2952*v + 386674. Give i(131).
-38
Let c(h) = -286*h + 6511. Give c(36).
-3785
Let r(l) = -l**3 - 269*l**2 + 2790*l - 29. What is r(10)?
-29
Let g(j) = 5301*j**2 - 53075*j + 742. Determine g(10).
92
Let f(z) = -z**3 - 175*z**2 - 1223*z - 1255. Determine f(-6).
-1
Let g(v) = v**2 + 74634*v - 1343629. What is g(18)?
107
Let l(n) = -10006*n + 1791065. Give l(179).
-9
Let n(u) = 7*u**3 - 27*u**2 - 67*u - 34. Give n(-2).
-64
Let s(f) = 25*f**3 - 3352*f**2 + 245*f + 3097. Calculate s(134).
15
Let z(t) = 7*t**2 - 462*t - 7862. What is z(-15)?
643
Let m(x) = -11*x**2 + 502*x + 2188. Calculate m(50).
-212
Let y(a) = -2235*a - 120611. Calculate y(-54).
79
Let q(c) = 429414*c + 5152985. Determine q(-12).
17
Let m(w) = 261*w**2 + 16156*w + 16155. Calculate m(-1).
260
Let p(z) = -7*z**3 - 2*z**2 + 1521*z + 7634. Calculate p(-5).
854
Let b(t) = -33*t**3 - 22*t**2 - 55*t - 53. Determine b(-1).
13
Let j(q) = 269*q**3 + q**2 - 7*q + 2. Determine j(1).
265
Let j(t) = -18*t**2 - 885*t - 9652. Determine j(-15).
-427
Let x(y) = y**2 - 221*y + 1670. Give x(214).
172
Let y(z) = -15240*z + 365797. What is y(24)?
37
Let z(h) = 195891*h + 1958906. What is z(-10)?
-4
Let v(l) = 18771*l + 469277. Determine v(-25).
2
Let u(i) = 187*i - 21945. Determine u(117).
-66
Let m(g) = 723*g + 69800. Give m(-98).
-1054
Let f(x) = -78*x**3 + 1249*x**2 - 7*x - 16. Give f(16).
128
Let j(p) = -p**2 - 90648*p - 1268869. Calculate j(-14).
7
Let j(n) = -n**3 - 221*n**2 + 1120*n - 2246. Determine j(-226).
14
Let a(r) = r**2 - 317*r + 18340. Give a(76).
24
Let g(t) = t**3 + 826*t**2 - 8362*t + 29. Determine g(10).
9
Let k(s) = s**3 - 359*s + 204. Give k(-19).
166
Let m(f) = -f**3 - 518*f**2 - 483*f + 17560. Calculate m(-517).
-18
Let s(m) = -m**3 + 36*m**2 + 862*m - 26933. Give s(41).
4
Let z(x) = 540*x**2 + 9182*x + 28108. What is z(-13)?
2
Let h(o) = 2*o**3 + 343*o**2 - 1198*o + 4784. Calculate h(-175).
59
Let n(v) = -116664*v - 13299702. Determine n(-114).
-6
Let f(m) = -1351*m + 6630. Determine f(5).
-125
Let c(z) = z**2 - 233*z - 75526. Calculate c(-182).
4
Let o(l) = 17*l**3 + 4197*l**2 - 308*l + 45931. Calculate o(-247).
-11
Let n(j) = 2*j**2 + 154*j - 325. Determine n(-79).
-9
Let r(m) = 10069*m - 755173. What is r(75)?
2
Let d(j) = 218227*j - 13530084. Determine d(62).
-10
Let g(r) = r**3 - 6*r**2 - 128*r - 175. Give g(-8).
-47
Let q(v) = 38*v**2 + 46*v - 457. Give q(3).
23
Let d(n) = n**3 - 103*n**2 + 4021*n - 385702. Calculate d(101).
17
Let m(c) = -c**3 - 5*c**2 + 571*c + 646. Give m(-28).
2690
Let u(s) = 181879*s - 5456376. What is u(30)?
-6
Let g(v) = -13*v**3 - 366*v**2 - 727*v + 27. Determine g(-26).
1
Let c(z) = 3*z**2 + 348*z - 29535. Give c(57).
48
Let u(q) = 83*q - 3827. What is u(62)?
1319
Let k(g) = -2*g**3 + 85*g**2 + 1356*g - 91. Calculate k(55).
-1136
Let t(k) = -107*k**2 + 73*k + 140. Give t(-2).
-434
Let o(t) = -8*t**2 - 976*t + 7224. Calculate o(7).
0
Let u(z) = 1114*z + 8858. Determine u(-8).
-54
Let g(j) = -3*j**3 + 181*j**2 - 66*j - 185. Determine g(60).
-545
Let w(m) = -m**3 - 52*m**2 + 3235*m + 167579. What is w(-51)?
-7
Let x(j) = -j**2 + 79*j - 923. What is x(63)?
85
Let w(i) = -148*i**2 - 62*i + 165. Give w(2).
-551
Let w(s) = -s**3 + 254*s**2 - 13525*s - 196. What is w(76)?
32
Let x(i) = i**3 - 19*i**2 - 92*i - 174. Determine x(20).
-1614
Let b(x) = -508*x**3 + 225*x**2 + 236*x + 12. Calculate b(-1).
509
Let k(y) = y**2 - 13949*y + 1123317. What is k(81)?
9
Let l(i) = i**2 - 2316*i + 168075. Give l(75).
0
Let i(t) = -64202*t + 55342130. Give i(862).
6
Let x(r) = 4571*r - 305. What is x(0)?
-305
Let n(l) = -8275*l + 56440. Calculate n(7).
-1485
Let u(a) = 42040*a - 378348. Determine u(9).
12
Let t(p) = 317*p - 19525. Determine t(61).
-188
Let o(f) = 39*f - 3051. Determine o(85).
264
Let p(m) = m**3 + 16*m**2 + 26*m + 12. Calculate p(-6).
216
Let k(b) = b**2 - 795*b - 35191. Determine k(-42).
-37
Let v(u) = -u**3 + 185*u**2 + 12031*u + 1151. Determine v(236).
-29
Let x(w) = 27689*w + 387654. What is x(-14)?
8
Let z(s) = -21565*s - 1207645. Determine z(-56).
-5
Let g(j) = -301*j + 36996. Determine g(124).
-328
Let k(z) = 26*z**2 - 2264*z + 168. Determine k(87).
-6
Let z(i) = -34*i**3 - 607*i**2 - 1894*i - 12. Give z(-4).
28
Let o(b) = -1484*b**2 - 7412*b - 12. Calculate o(-5).
-52
Let r(g) = 68*g**3 + 1868*g**2 + 1871*g + 1. Calculate r(-1).
-70
Let d(n) = 8*n**2 - 367*n - 400. What is d(47)?
23
Let c(y) = -3*y**3 + 64*y**2 + 324*y - 8176. What is c(-11)?
-3
Let a(p) = 3441*p + 185807. Determine a(-54).
-7
Let n(f) = 1453*f + 79902. Give n(-55).
-13
Let j(g) = -3*g**3 - 35*g**2 - 24*g - 845. Give j(-17).
4187
Let a(s) = -322*s - 8929. What is a(-28)?
87
Let i(v) = -111*v + 2844. What is i(38)?
-1374
Let z(o) = o**3 + 81*o**2 + 2200*o + 196373. Determine z(-83).
-5
Let k(z) = -4734*z + 501755. Determine k(106).
-49
Let c(n) = 5*n**2 + 2416*n - 57774. Give c(-506).
-90
Let x(s) = 4*s**2 + 1927*s - 40657. Determine x(-502).
5
Let y(q) = -q**2 + 1625*q + 14737. Give y(-9).
31
Let s(h) = 30274*h + 151357. What is s(-5)?
-13
Let r(w) = -21189*w - 3135966. Calculate r(-148).
6
Let i(w) = 12*w**2 - 319*w - 60. Give i(28).
416
Let z(d) = -41945*d + 41941. Determine z(1).
-4
Let k(v) = -4*v**2 + 6893*v + 352811. What is k(1773)?
-16
Let l(t) = t**3 - 96*t**2 + 1823*t - 88. What is l(70)?
122
Let w(s) = -s**3 - 146*s**2 - 274*s + 2036. Calculate w(-144).
20
Let l(z) = z**3 + 117*z**2 + 110*z + 162. What is l(-116)?
858
Let a(f) = 8*f**2 + 182*f - 136. Determine a(-23).
-90
Let j(m) = 294*m - 42321. What is j(144)?
15
Let p(d) = -2*d**3 - 530*d**2 - 543*d - 285962. Calculate p(-266).
-12
Let k(s) = 2*s**3 - 48*s**2 - 21*s + 558. Calculate k(24).
54
Let k(r) = -4*r**2 - 50*r - 107. What is k(11)?
-1141
Let k(t) = -10*t**2 + 1262*t + 219. Determine k(126).
471
Let d(z) = -510*z - 39852. Calculate d(-78).
-72
Let a(y) = 201*y**2 - 9*y + 10. What is a(1)?
202
Let z(g) = 204*g - 15648. What is z(77)?
60
Let n(v) = -259*v + 3254. Calculate n(12).
146
Let p(z) = -5*z**3 - z**2 + 100*z - 254. Give p(3).
-98
Let r(d) = 5*d**2 - 86*d + 324. Give r(4).
60
Let s(r) = -2*r**3 - 10*r**2 + 585*r - 304. Calculate s(-20).
-4
Let u(i) = -27*i**3 + 16*i**2 + 141*i + 288. What is u(-2)?
286
Let j(w) = -19*w**2 + 268*w - 771. Calculate j(4).
-3
Let j(p) = p**3 + 11*p**2 - 1628*p - 24750. Calculate j(-16).
18
Let a(p) = 1385*p - 16694. What is a(12)?
-74
Let n(a) = -843*a**2 + 1679*a - 5. Calculate n(2).
-19
Let c(f) = 2796*f - 58096. What is c(20)?
-2176
Let m(d) = -134057*d + 17561445. What is m(131)?
-22
Let s(n) = -3*n**3 - 414*n**2 + 418*n - 2229. What is s(-139)?
-2368
Let c(i) = 1864*i + 1166875. Calculate c(-626).
11
Let q(c) = c**2 - 7381*c - 7380. Determine q(-1).
2
Let c(q) = 1663*q + 256189. Give c(-154).
87
Let z(r) = 78581*r - 8. Determine z(0).
-8
Let h(v) = 2*v**2 - 4467*v + 205529. Determine h(47).
-2
Let i(t) = -10*t**2 + 25*t - 38. Determine i(0).
-38
Let k(t) = t**2 + 27*t - 19864. Calculate k(-153).
-586
Let i(k) = -20*k**2 - 91*k + 418. Determine i(-6).
244
Let k(y) = 137*y - 678. Calculate 